culate w(-5).
20
Let j(a) = -5*a**3 - 50*a**2 + 2*a + 36. What is j(-10)?
16
Let h(k) = -k**3 - k**2 + 31*k - 51. Determine h(2).
-1
Let m(t) = -149*t - 14900. Give m(-100).
0
Let m(p) = -9*p**3 - 7*p**2 + 23. Calculate m(-3).
203
Let f(u) = 144*u - 26370. Calculate f(183).
-18
Let r(t) = t**2 + 85*t + 343. Determine r(-76).
-341
Let w(u) = -7*u**3 + 87*u**2 - 35*u - 3. What is w(12)?
9
Let x(d) = -d**2 + 827*d + 4173. Calculate x(-5).
13
Let t(c) = -2833*c + 62326. Give t(22).
0
Let y(g) = 53*g**2 + 798*g - 37. What is y(-15)?
-82
Let h(v) = -1079*v - 8639. Give h(-8).
-7
Let o(k) = -2*k**2 - 46*k - 107. Calculate o(-18).
73
Let a(m) = m**3 - 17*m**2 - 26*m + 153. Determine a(18).
9
Let o(w) = w**3 + 14*w**2 - 8*w + 158. Calculate o(-15).
53
Let z(i) = -68*i - 1572. What is z(-23)?
-8
Let u(m) = -6*m + 13. What is u(17)?
-89
Let w(v) = v**2 - 71*v + 551. Calculate w(9).
-7
Let c(n) = 96*n + 1116. Determine c(-11).
60
Let s(a) = -a**2 - 65*a + 1084. Calculate s(13).
70
Let h(a) = 13*a + 348. Calculate h(-27).
-3
Let l(f) = 159*f**2 - 3040*f - 12. Give l(19).
-373
Let t(a) = -a**3 - 20*a**2 - 16*a - 188. Give t(-20).
132
Let t(b) = 224*b**2 + 2*b + 2. Give t(-1).
224
Let y(n) = -2*n**2 - 119*n - 711. Give y(-6).
-69
Let i(f) = -f**2 + 71*f + 291. Give i(-4).
-9
Let f(n) = 3143*n**2 + 12575*n + 8. Determine f(-4).
-4
Let o(w) = -2*w**3 - 144*w**2 - 405*w + 574. Calculate o(-69).
-47
Let i(p) = 17*p**2 - 639*p + 2784. Calculate i(5).
14
Let g(m) = 53*m - 956. Determine g(18).
-2
Let y(k) = -7*k**2 - 191*k - 22. What is y(-28)?
-162
Let f(a) = 10*a**2 - 77*a - 19. Calculate f(8).
5
Let i(s) = s**3 + 69*s**2 + 67*s - 52. What is i(-68)?
16
Let a(d) = -3*d**3 - 6*d**2 + 7*d + 85. Give a(-6).
475
Let a(r) = -73*r - 2863. Determine a(-39).
-16
Let v(a) = -10*a - 682. Calculate v(-71).
28
Let d(a) = 64*a**2 - 178*a - 176. Give d(-1).
66
Let a(u) = 266*u + 1590. Determine a(-6).
-6
Let h(n) = n**3 - 8*n**2 - 46*n + 6. Calculate h(-4).
-2
Let r(z) = -94*z - 4605. What is r(-49)?
1
Let i(c) = c**2 + 365*c - 4167. Calculate i(11).
-31
Let w(q) = -q**3 - 18*q**2 - 24*q + 75. Determine w(-16).
-53
Let h(v) = v**3 + 17*v**2 - 65*v + 386. What is h(-21)?
-13
Let a(j) = -4*j**2 - 6*j + 7. Calculate a(-4).
-33
Let h(o) = o**3 - 4*o**2 + 16*o - 14. Calculate h(7).
245
Let u(f) = -f**3 + 3*f**2 + 5*f + 24. Determine u(5).
-1
Let p(z) = -7*z**2 + 8*z + 187. Determine p(-6).
-113
Let b(w) = 158*w + 6324. Determine b(-40).
4
Let x(z) = -z**3 - 36*z**2 + 38*z + 47. Give x(-37).
10
Let j(u) = 16*u + 27. What is j(0)?
27
Let t(y) = 17*y**2 - 4*y - 10. Give t(-2).
66
Let r(p) = -62*p - 706. Determine r(-12).
38
Let y(b) = 3*b**3 - b**2 - 6*b - 6. What is y(-1)?
-4
Let m(b) = -b**3 + 4*b**2 - 20*b + 28. Calculate m(2).
-4
Let t(z) = 5*z**2 + 45*z - 41. What is t(-10)?
9
Let t(f) = 5*f + 1. Give t(3).
16
Let f(c) = 5*c**3 - 166*c**2 + 40*c - 159. Determine f(33).
72
Let v(q) = -138*q**2 - 3*q + 2. What is v(1)?
-139
Let k(p) = 7*p**3 - 7*p**2 + p - 1. What is k(3)?
128
Let g(d) = d**3 + 21*d**2 + 23*d + 53. Calculate g(-20).
-7
Let y(b) = 2*b**3 + 104*b**2 + 2*b + 150. Give y(-52).
46
Let m(v) = 2*v**2 + 2462*v + 17203. Calculate m(-7).
67
Let v(m) = -m**3 + 70*m**2 - 130*m + 5. Determine v(2).
17
Let m(l) = l**2 - 9*l - 63. Calculate m(8).
-71
Let h(w) = -w**3 - 35*w**2 - 259*w - 27. Calculate h(-10).
63
Let j(g) = -4*g**2 + 5*g + 129. Give j(-5).
4
Let k(d) = 6*d**3 - 23*d**2 - 17*d - 23. What is k(6)?
343
Let b(f) = -f**3 - 34*f**2 + 123*f + 466. Give b(-37).
22
Let g(u) = 15*u**3 + 11*u**2 + 27*u - 4. Give g(-3).
-391
Let i(m) = 4*m**2 + 118*m + 104. What is i(-29)?
46
Let u(w) = -w**3 + 9*w**2 + 24*w - 18. What is u(11)?
4
Let p(g) = -74*g**2 - 136*g. Calculate p(-2).
-24
Let s(t) = t**2 + 32*t + 196. Calculate s(-23).
-11
Let i(y) = 9*y**2 - 10*y + 21. What is i(1)?
20
Let c(m) = 15*m + 479. Calculate c(-43).
-166
Let n(g) = -g**3 + 13*g**2 + g + 32. Determine n(12).
188
Let k(s) = -s - 25. Calculate k(-31).
6
Let d(m) = 117*m - 25637. Calculate d(219).
-14
Let j(f) = -f**2 - 39*f - 136. What is j(-33)?
62
Let s(k) = -2*k**2 - 20*k - 3. Calculate s(-11).
-25
Let b(y) = 4*y**2 + 10*y - 10. Give b(-2).
-14
Let k(g) = -4*g**2 + 246*g - 3432. What is k(40)?
8
Let v(k) = k**3 + 12*k**2 - 29*k - 206. Calculate v(-9).
298
Let s(l) = -2*l**3 - 12*l**2 + 73*l + 19. Give s(6).
-407
Let x(d) = d**2 + 60*d + 539. Calculate x(-11).
0
Let w(h) = 20*h + 233. Give w(-11).
13
Let f(n) = -20*n + 70. Determine f(-6).
190
Let h(i) = -i**3 - 5*i**2 + 28*i + 34. What is h(-1)?
2
Let l(g) = 147*g - 1039. Give l(7).
-10
Let j(i) = -i**2 - 70*i - 1181. Determine j(-40).
19
Let n(a) = -228*a + 620. Give n(3).
-64
Let b(o) = o**3 + 37*o**2 + 63*o + 1063. What is b(-36)?
91
Let a(l) = 61*l + 102. Give a(-2).
-20
Let k(p) = -p**2 + 22*p + 643. What is k(38)?
35
Let a(i) = 2*i**2 - 38*i + 4. Determine a(19).
4
Let d(f) = -f**2 - 32*f + 1056. Calculate d(19).
87
Let k(g) = 74*g - 1381. Calculate k(18).
-49
Let d(s) = 33*s - 780. What is d(22)?
-54
Let d(w) = 1373*w + 8243. Calculate d(-6).
5
Let o(m) = -270*m**2 + 1349*m + 13. Give o(5).
8
Let s(g) = 7*g**2 + 990*g + 426. Determine s(-141).
3
Let f(j) = -463*j + 11557. Calculate f(25).
-18
Let g(k) = -227*k + 6893. Give g(30).
83
Let k(j) = j**3 - 4*j**2 - 12*j + 87. Give k(5).
52
Let d(s) = -s**3 - 8*s**2 + 12*s + 17. Calculate d(-9).
-10
Let r(c) = -c**2 + 48*c - 506. Calculate r(23).
69
Let t(j) = -j**3 + 12*j**2 - 24*j - 8. What is t(12)?
-296
Let s(y) = -y**2 - 83*y - 835. What is s(-70)?
75
Let c(s) = 2*s**3 + 275*s**2 - 127*s + 1517. What is c(-138)?
-1
Let f(c) = 78*c**3 - 2*c**2 + 13*c - 10. What is f(1)?
79
Let i(m) = 7*m**3 - 36*m**2 - 8*m + 56. Calculate i(5).
-9
Let h(r) = -64*r - 206. Give h(-3).
-14
Let x(w) = w**2 + 103*w + 1186. Determine x(-13).
16
Let k(q) = q**2 - 229*q + 1750. What is k(8)?
-18
Let n(x) = -22*x + 1691. What is n(78)?
-25
Let x(z) = -11*z + 127. What is x(11)?
6
Let u(l) = 2*l**3 - 15*l**2 + 4*l + 5. Give u(7).
-16
Let q(t) = t**2 + 20*t - 61. Give q(-16).
-125
Let i(y) = -y**3 - 3*y**2 + 2*y - 3. Give i(3).
-51
Let i(z) = -9*z**2 + 60*z + 100. Give i(8).
4
Let u(l) = -160*l - 3577. What is u(-22)?
-57
Let h(u) = -332*u - 5977. Determine h(-18).
-1
Let m(a) = 2*a**2 + 75*a + 246. Determine m(-34).
8
Let j(r) = r**3 + 11*r**2 + 6*r + 166. Give j(-12).
-50
Let x(v) = -3*v**2 + 220*v - 2485. Give x(14).
7
Let x(b) = b**3 - 12*b**2 + 9*b + 22. What is x(14)?
540
Let o(l) = 3*l**3 + 6*l**2 + 9*l - 27. Determine o(-6).
-513
Let s(p) = 28*p**3 - 8*p**2 - 12*p + 4. What is s(-2)?
-228
Let u(h) = -h**3 + 5*h**2 + 115*h - 309. Calculate u(13).
-166
Let z(a) = -a**3 + 172*a**2 + 888*a - 535. Determine z(177).
-4
Let c(n) = -n**3 + 5*n**2 + 13*n + 67. Give c(9).
-140
Let i(u) = 3*u**2 - 8*u + 28. Determine i(5).
63
Let k(x) = -x**3 - 21*x**2 - 31*x - 226. Calculate k(-20).
-6
Let v(j) = -8*j**2 + 235*j + 236. What is v(-1)?
-7
Let s(i) = i**2 - 2998*i - 2995. What is s(-1)?
4
Let j(b) = -b**3 - 14*b**2 - 48*b + 7. What is j(-7)?
0
Let u(g) = -g**3 + 21*g**2 + 5*g - 74. Calculate u(0).
-74
Let x(o) = o**3 - 9*o**2 - 26. What is x(7)?
-124
Let x(i) = -20*i - 1268. Calculate x(-62).
-28
Let f(z) = z**3 - z**2 + 23*z - 173. Give f(5).
42
Let b(o) = -o**3 - 3*o**2 - 57*o - 344. Calculate b(-5).
-9
Let l(o) = 12*o**2 + 357*o - 89. What is l(-30)?
1
Let u(j) = 3*j**3 - 6*j**2 + 7*j - 4. Calculate u(4).
120
Let p(j) = 2*j**3 + 49*j**2 - 37*j - 113. Give p(-25).
187
Let n(d) = d**2 + 5*d - 520. What is n(-27)?
74
Let o(u) = u**2 - 44*u - 40. What is o(45)?
5
Let p(c) = -c**2 + 87*c + 474. Calculate p(-5).
14
Let s(r) = 10*r**2 + 23*r + 30. Give s(-5).
165
Let d(g) = g**3 - 15*g**2 + 14*g + 51. Determine d(14).
51
Let a(y) = 24*y**2 + 1291*y + 2217. Give a(-52).
-19
Let d(t) = 49*t**3 - 2*t**2 + 3*t - 1. What is d(-2)?
-407
Let w(a) = -9*a**2 - 8*a + 27. What is w(3)?
-78
Let q(v) = -v**3 + 6*v**2 - 5*v - 43. What is q(5)?
-43
Let i(n) = n**2 - 25*n + 174. Determine i(13).
18
Let n(c) = -8*c**3 + 12*c**2 - 15*c - 6. What is n(3)?
-159
Let z(t) = -102*t + 271. What is z(3)?
-35
Let m(l) = -l**2 + 63*l + 724. Determine m(57).
1066
Let v(u) = -2*u**3 - 37*u**2 - 54*u - 40. Calculate v(-17).
11
Let a(g) = -3*g**3 - 3*g**2 + 2*g - 3